{"id":2040,"date":"2023-11-23T19:51:29","date_gmt":"2023-11-23T19:51:29","guid":{"rendered":"https:\/\/chalecosblindados.com.mx\/?post_type=product&#038;p=2040"},"modified":"2023-12-13T02:53:25","modified_gmt":"2023-12-13T02:53:25","slug":"anti-trauma-wrs-9","status":"publish","type":"product","link":"https:\/\/chalecosblindados.com.mx\/index.php\/product\/anti-trauma-wrs-9\/","title":{"rendered":"ANTI-TRAUMA WRS-9"},"content":{"rendered":"","protected":false},"excerpt":{"rendered":"<p><span class=\"TextRun SCXW190317326 BCX0\" lang=\"ES-MX\" xml:lang=\"ES-MX\" data-contrast=\"auto\"><span class=\"NormalTextRun SCXW190317326 BCX0\">UNIT SIZE<\/span><\/span><\/p>\n<p>Nivel NIJ IIIA<\/p>\n<p><strong><span style=\"color: #808080;\">ANTI-TRAUMA WRS-9<\/span><\/strong><\/p>\n[expand title=\"CARACTER\u00cdSTICAS\"]\n<p><img loading=\"lazy\" class=\"size-full wp-image-2041 aligncenter\" src=\"https:\/\/chalecosblindados.com.mx\/wp-content\/uploads\/2023\/11\/Caracteristicas-1.jpg\" alt=\"\" width=\"1020\" height=\"1302\" srcset=\"https:\/\/chalecosblindados.com.mx\/wp-content\/uploads\/2023\/11\/Caracteristicas-1.jpg 1020w, https:\/\/chalecosblindados.com.mx\/wp-content\/uploads\/2023\/11\/Caracteristicas-1-235x300.jpg 235w, https:\/\/chalecosblindados.com.mx\/wp-content\/uploads\/2023\/11\/Caracteristicas-1-802x1024.jpg 802w, https:\/\/chalecosblindados.com.mx\/wp-content\/uploads\/2023\/11\/Caracteristicas-1-768x980.jpg 768w, https:\/\/chalecosblindados.com.mx\/wp-content\/uploads\/2023\/11\/Caracteristicas-1-580x740.jpg 580w\" sizes=\"(max-width: 1020px) 100vw, 1020px\" \/><img loading=\"lazy\" class=\"size-full wp-image-2042 aligncenter\" src=\"https:\/\/chalecosblindados.com.mx\/wp-content\/uploads\/2023\/11\/Caracteristicas2-1.jpg\" alt=\"\" width=\"1020\" height=\"1168\" srcset=\"https:\/\/chalecosblindados.com.mx\/wp-content\/uploads\/2023\/11\/Caracteristicas2-1.jpg 1020w, https:\/\/chalecosblindados.com.mx\/wp-content\/uploads\/2023\/11\/Caracteristicas2-1-262x300.jpg 262w, https:\/\/chalecosblindados.com.mx\/wp-content\/uploads\/2023\/11\/Caracteristicas2-1-894x1024.jpg 894w, https:\/\/chalecosblindados.com.mx\/wp-content\/uploads\/2023\/11\/Caracteristicas2-1-768x879.jpg 768w, https:\/\/chalecosblindados.com.mx\/wp-content\/uploads\/2023\/11\/Caracteristicas2-1-580x664.jpg 580w\" sizes=\"(max-width: 1020px) 100vw, 1020px\" \/><img loading=\"lazy\" class=\"alignnone size-full wp-image-2043\" src=\"https:\/\/chalecosblindados.com.mx\/wp-content\/uploads\/2023\/11\/Caracteristicas3.jpg\" alt=\"\" width=\"1020\" height=\"937\" srcset=\"https:\/\/chalecosblindados.com.mx\/wp-content\/uploads\/2023\/11\/Caracteristicas3.jpg 1020w, https:\/\/chalecosblindados.com.mx\/wp-content\/uploads\/2023\/11\/Caracteristicas3-300x276.jpg 300w, https:\/\/chalecosblindados.com.mx\/wp-content\/uploads\/2023\/11\/Caracteristicas3-768x706.jpg 768w, https:\/\/chalecosblindados.com.mx\/wp-content\/uploads\/2023\/11\/Caracteristicas3-580x533.jpg 580w\" sizes=\"(max-width: 1020px) 100vw, 1020px\" \/><\/p>\n<p>[\/expand]<br \/>\n[expand title=\"TECNOLOG\u00cdA DE ESTE PRODUCTO\"]<\/p>\n<p><b><span data-contrast=\"none\">PANEL ANTI-TRAUMA \/ ANTI ESQUIRLAS WRS-9<\/span><\/b><\/p>\n<ul>\n<li data-leveltext=\"\uf0fc\" data-font=\"Wingdings\" data-listid=\"4\" data-list-defn-props=\"{&quot;335552541&quot;:1,&quot;335559684&quot;:-2,&quot;335559685&quot;:720,&quot;335559991&quot;:360,&quot;469769226&quot;:&quot;Wingdings&quot;,&quot;469769242&quot;:[8226],&quot;469777803&quot;:&quot;left&quot;,&quot;469777804&quot;:&quot;\uf0fc&quot;,&quot;469777815&quot;:&quot;hybridMultilevel&quot;}\" aria-setsize=\"-1\" data-aria-posinset=\"1\" data-aria-level=\"1\"><b><span data-contrast=\"none\">Dise\u00f1ado para ser utilizado junto con placas bal\u00edsticas o sin ellas, \u00fatil para mejorar el rendimiento bal\u00edstico de cualquier chaleco antibalas personal.<\/span><\/b><\/li>\n<\/ul>\n<p><b><span data-contrast=\"none\">MEJORA LA ABSORCION DE ENERGIA QUE GENERA LA RETENCION DE BALAS CUANDO IMPACTAN UN BLINDAJE PERSONAL <\/span><\/b><span data-contrast=\"none\">**En promedio, hasta un 50% de reducci\u00f3n en el traumatismo a \u00f3rganos internos**<\/span><\/p>\n<p><b><span data-contrast=\"none\">MEJORA LA PROTECCION CONTRA ESQUIRLAS Y FRAGMENTOS INCANDECENTES QUE SE PRODUCEN CUANDO UNA BALA ES DETENIDA<\/span><\/b><\/p>\n<p><b><span data-contrast=\"none\">C\u00f3mo se Disminuye el Trauma producido por el Impacto de una Bala Detenida<\/span><\/b><\/p>\n<p><span data-contrast=\"none\">Cuando una bala golpea, su energ\u00eda cin\u00e9tica se disipa r\u00e1pidamente a trav\u00e9s de la prenda blindada. En cuanto m\u00e1s r\u00e1pido ocurre esto, el portador de la prenda sufre un trauma f\u00edsico que puede lesionar gravemente los \u00f3rganos internos del cuerpo, \u201caunque la bala no haya penetrado\u201d.<\/span><\/p>\n<p><span data-contrast=\"none\">Al recibir un disparo de arma de fuego es probable que la bala se desplace desde 800 pies por segundo hasta 1,400 pies por segundo y se produzca una protuberancia en la cara interna del panel bal\u00edstico que lesiona los \u00f3rganos internos del cuerpo cuando este detiene la bala.<\/span><\/p>\n<p><span data-contrast=\"none\">\u201cEs importante que usted recuerde esto si recibe un disparo con su Armadura Corporal puesta, pues podr\u00eda experimentar la sensaci\u00f3n interna de un golpe seco sin que esto signifique que la bala haya penetrado su cuerpo\u201d.<\/span><\/p>\n<p><span data-contrast=\"none\">Nuestros Paneles Anti-Trauma \/ Anti-Esquirlas son adecuados para mejorar la protecci\u00f3n bal\u00edstica de Chalecos Blindados contra Armas Largas de Alto Poder con placas de acero y\/o cer\u00e1mica as\u00ed como para Chalecos Blindados Nivel IIIA contra armas cortas.<\/span><\/p>\n<p><b><span data-contrast=\"none\">OTRAS CARACTERISTICAS EPECIALES<\/span><\/b><span data-ccp-props=\"{&quot;201341983&quot;:0,&quot;335559739&quot;:400,&quot;335559740&quot;:240}\">&nbsp;<\/span><\/p>\n<ul>\n<li data-leveltext=\"\uf0b7\" data-font=\"Symbol\" data-listid=\"3\" data-list-defn-props=\"{&quot;335552541&quot;:1,&quot;335559684&quot;:-2,&quot;335559685&quot;:1440,&quot;335559991&quot;:360,&quot;469769226&quot;:&quot;Symbol&quot;,&quot;469769242&quot;:[8226],&quot;469777803&quot;:&quot;left&quot;,&quot;469777804&quot;:&quot;\uf0b7&quot;,&quot;469777815&quot;:&quot;hybridMultilevel&quot;}\" aria-setsize=\"-1\" data-aria-posinset=\"2\" data-aria-level=\"1\"><span data-contrast=\"none\">Ultraliviano.<\/span><span data-ccp-props=\"{&quot;201341983&quot;:0,&quot;335559739&quot;:160,&quot;335559740&quot;:259}\">&nbsp;<\/span><\/li>\n<li data-leveltext=\"\uf0b7\" data-font=\"Symbol\" data-listid=\"3\" data-list-defn-props=\"{&quot;335552541&quot;:1,&quot;335559684&quot;:-2,&quot;335559685&quot;:1440,&quot;335559991&quot;:360,&quot;469769226&quot;:&quot;Symbol&quot;,&quot;469769242&quot;:[8226],&quot;469777803&quot;:&quot;left&quot;,&quot;469777804&quot;:&quot;\uf0b7&quot;,&quot;469777815&quot;:&quot;hybridMultilevel&quot;}\" aria-setsize=\"-1\" data-aria-posinset=\"3\" data-aria-level=\"1\"><span data-contrast=\"none\">Se adapta a la forma del cuerpo aumentando la comodidad de cualquier chaleco contra balas.<\/span><\/li>\n<li data-leveltext=\"\uf0b7\" data-font=\"Symbol\" data-listid=\"3\" data-list-defn-props=\"{&quot;335552541&quot;:1,&quot;335559684&quot;:-2,&quot;335559685&quot;:1440,&quot;335559991&quot;:360,&quot;469769226&quot;:&quot;Symbol&quot;,&quot;469769242&quot;:[8226],&quot;469777803&quot;:&quot;left&quot;,&quot;469777804&quot;:&quot;\uf0b7&quot;,&quot;469777815&quot;:&quot;hybridMultilevel&quot;}\" aria-setsize=\"-1\" data-aria-posinset=\"4\" data-aria-level=\"1\"><span data-contrast=\"none\">Sistema patentado para disipar la energ\u00eda generada por los impactos de bala.<\/span><\/li>\n<li data-leveltext=\"\uf0b7\" data-font=\"Symbol\" data-listid=\"3\" data-list-defn-props=\"{&quot;335552541&quot;:1,&quot;335559684&quot;:-2,&quot;335559685&quot;:1440,&quot;335559991&quot;:360,&quot;469769226&quot;:&quot;Symbol&quot;,&quot;469769242&quot;:[8226],&quot;469777803&quot;:&quot;left&quot;,&quot;469777804&quot;:&quot;\uf0b7&quot;,&quot;469777815&quot;:&quot;hybridMultilevel&quot;}\" aria-setsize=\"-1\" data-aria-posinset=\"4\" data-aria-level=\"1\"><span data-contrast=\"none\">Mejora la integridad de los chalecos a prueba de balas y sus paneles bal\u00edsticos para poder resistir m\u00e1s disparos posteriores.<\/span><\/li>\n<li data-leveltext=\"\uf0b7\" data-font=\"Symbol\" data-listid=\"3\" data-list-defn-props=\"{&quot;335552541&quot;:1,&quot;335559684&quot;:-2,&quot;335559685&quot;:1440,&quot;335559991&quot;:360,&quot;469769226&quot;:&quot;Symbol&quot;,&quot;469769242&quot;:[8226],&quot;469777803&quot;:&quot;left&quot;,&quot;469777804&quot;:&quot;\uf0b7&quot;,&quot;469777815&quot;:&quot;hybridMultilevel&quot;}\" aria-setsize=\"-1\" data-aria-posinset=\"4\" data-aria-level=\"1\"><b><span data-contrast=\"none\">TAMA\u00d1O UNIVERSAL <\/span><\/b><span data-contrast=\"none\">dise\u00f1ado para colocarse dentro del bolsillo para placas bal\u00edsticas de cualquier chaleco a prueba de balas de Niveles II, IIIA, III, IV.<\/span><\/li>\n<li data-leveltext=\"\uf0b7\" data-font=\"Symbol\" data-listid=\"3\" data-list-defn-props=\"{&quot;335552541&quot;:1,&quot;335559684&quot;:-2,&quot;335559685&quot;:1440,&quot;335559991&quot;:360,&quot;469769226&quot;:&quot;Symbol&quot;,&quot;469769242&quot;:[8226],&quot;469777803&quot;:&quot;left&quot;,&quot;469777804&quot;:&quot;\uf0b7&quot;,&quot;469777815&quot;:&quot;hybridMultilevel&quot;}\" aria-setsize=\"-1\" data-aria-posinset=\"4\" data-aria-level=\"1\">Dise\u00f1ado para reducir el BFS m\u00e1ximo marcado por las normas NIJ III-A 0101.06 \/ GOST 34286-2017<\/li>\n<li data-leveltext=\"\uf0b7\" data-font=\"Symbol\" data-listid=\"3\" data-list-defn-props=\"{&quot;335552541&quot;:1,&quot;335559684&quot;:-2,&quot;335559685&quot;:1440,&quot;335559991&quot;:360,&quot;469769226&quot;:&quot;Symbol&quot;,&quot;469769242&quot;:[8226],&quot;469777803&quot;:&quot;left&quot;,&quot;469777804&quot;:&quot;\uf0b7&quot;,&quot;469777815&quot;:&quot;hybridMultilevel&quot;}\" aria-setsize=\"-1\" data-aria-posinset=\"4\" data-aria-level=\"1\"><span data-contrast=\"none\">Elaborado con materiales bal\u00edsticos de \u00faltima generaci\u00f3n, grado militar y peso extremadamente bajo.<\/span><\/li>\n<li data-leveltext=\"\uf0b7\" data-font=\"Symbol\" data-listid=\"3\" data-list-defn-props=\"{&quot;335552541&quot;:1,&quot;335559684&quot;:-2,&quot;335559685&quot;:1440,&quot;335559991&quot;:360,&quot;469769226&quot;:&quot;Symbol&quot;,&quot;469769242&quot;:[8226],&quot;469777803&quot;:&quot;left&quot;,&quot;469777804&quot;:&quot;\uf0b7&quot;,&quot;469777815&quot;:&quot;hybridMultilevel&quot;}\" aria-setsize=\"-1\" data-aria-posinset=\"4\" data-aria-level=\"1\"><span data-contrast=\"none\">Creado por expertos en bal\u00edstica y perfeccionado a trav\u00e9s del estudio y la experiencia adquirida en campos de batalla reales en pa\u00edses cr\u00edticos para la seguridad donde TANUS ARMOUR GROUP tiene presencia.<\/span><\/li>\n<li data-leveltext=\"\uf0b7\" data-font=\"Symbol\" data-listid=\"3\" data-list-defn-props=\"{&quot;335552541&quot;:1,&quot;335559684&quot;:-2,&quot;335559685&quot;:1440,&quot;335559991&quot;:360,&quot;469769226&quot;:&quot;Symbol&quot;,&quot;469769242&quot;:[8226],&quot;469777803&quot;:&quot;left&quot;,&quot;469777804&quot;:&quot;\uf0b7&quot;,&quot;469777815&quot;:&quot;hybridMultilevel&quot;}\" aria-setsize=\"-1\" data-aria-posinset=\"4\" data-aria-level=\"1\">Dise\u00f1ado para reducir el trauma producido en ataques con las armas cortas m\u00e1s poderosas.<\/li>\n<\/ul>\n<p>[\/expand]<br \/>\n[expand title=\"POL\u00cdTICAS DE VENTA Y ENV\u00cdO\"]<br \/>\n&#8211; <span style=\"color: #2c2c2c;\"><a style=\"color: #2c2c2c;\" href=\"https:\/\/chalecosblindados.com.mx\/index.php\/envios\/\">Env\u00edos<\/a><\/span><br \/>\n&#8211; <span style=\"color: #2c2c2c;\"><a style=\"color: #2c2c2c;\" href=\"https:\/\/chalecosblindados.com.mx\/index.php\/garantia-y-devoluciones\/\">Garant\u00eda y Devoluciones<\/a><\/span><\/p>\n<p>*Las especificaciones t\u00e9cnicas de este producto pueden variar por mejoras y cambios en su dise\u00f1o<br \/>\n[\/expand]<\/p>\n<p><span style=\"color: #ffe133;\"><a class=\"fasc-button fasc-size-medium fasc-type-flat fasc-ico-before dashicons-format-aside fasc-style-bold\" style=\"background-color: #ffd000; color: #474747;\" target=\"_blank\" rel=\"noopener\" href=\"https:\/\/chalecosblindados.com.mx\/wp-content\/uploads\/2023\/11\/ANTI-TRAUMA-WRS-P-PANEL-Technical-Sheet.pdf\">DESCARGAR FICHA T\u00c9CNICA<\/a><\/span><\/p>\n<p><span style=\"color: #ffe133;\"><a class=\"fasc-button fasc-size-medium fasc-type-flat fasc-ico-before dashicons-format-aside fasc-style-bold\" style=\"background-color: #ffd000; color: #474747;\" target=\"_blank\" rel=\"noopener\" href=\"https:\/\/chalecosblindados.com.mx\/wp-content\/uploads\/2023\/11\/ANTI-TRAUMA-WRS-9-PANEL-User-Manual.pdf\">DESCARGAR MANUAL DE USUARIO<\/a><\/span><\/p>\n<p><span style=\"color: #ffe133;\"><a class=\"fasc-button fasc-size-medium fasc-type-flat fasc-style-bold\" style=\"background-color: #ffd000; color: #474747;\" target=\"_blank\" rel=\"noopener\" href=\"https:\/\/chalecosblindados.com.mx\/index.php\/mayoreo\/\">INFORMACI\u00d3N Y VENTAS MAYOREO<\/a><\/span> &hellip; <a href=\"https:\/\/chalecosblindados.com.mx\/index.php\/product\/anti-trauma-wrs-9\/\" class=\"more-link\">Continue reading<span class=\"screen-reader-text\">ANTI-TRAUMA WRS-9<\/span><\/a><\/p>\n","protected":false},"featured_media":1026,"template":"","meta":[],"product_cat":[28],"product_tag":[],"_links":{"self":[{"href":"https:\/\/chalecosblindados.com.mx\/index.php\/wp-json\/wp\/v2\/product\/2040"}],"collection":[{"href":"https:\/\/chalecosblindados.com.mx\/index.php\/wp-json\/wp\/v2\/product"}],"about":[{"href":"https:\/\/chalecosblindados.com.mx\/index.php\/wp-json\/wp\/v2\/types\/product"}],"wp:featuredmedia":[{"embeddable":true,"href":"https:\/\/chalecosblindados.com.mx\/index.php\/wp-json\/wp\/v2\/media\/1026"}],"wp:attachment":[{"href":"https:\/\/chalecosblindados.com.mx\/index.php\/wp-json\/wp\/v2\/media?parent=2040"}],"wp:term":[{"taxonomy":"product_cat","embeddable":true,"href":"https:\/\/chalecosblindados.com.mx\/index.php\/wp-json\/wp\/v2\/product_cat?post=2040"},{"taxonomy":"product_tag","embeddable":true,"href":"https:\/\/chalecosblindados.com.mx\/index.php\/wp-json\/wp\/v2\/product_tag?post=2040"}],"curies":[{"name":"wp","href":"https:\/\/api.w.org\/{rel}","templated":true}]}}